{"id":28,"date":"2025-10-08T11:31:49","date_gmt":"2025-10-08T09:31:49","guid":{"rendered":"https:\/\/les-micros-ondes.fr\/?page_id=28"},"modified":"2026-03-23T04:40:29","modified_gmt":"2026-03-23T03:40:29","slug":"on-vous-ecoute","status":"publish","type":"page","link":"https:\/\/les-micros-ondes.fr\/index.php\/on-vous-ecoute\/","title":{"rendered":"On vous \u00e9coute \ud83d\udd0a"},"content":{"rendered":"\n<h2 class=\"wp-block-heading\">L\u2019autre e(s)t moi<\/h2>\n\n\n\n<iframe loading=\"lazy\" height=\"466px\" width=\"100%\" src=\"https:\/\/audioblog.arteradio.com\/playlist-embed\/271003\" style=\"margin: 0; padding: 0; border: none;\"><\/iframe>\n\n\n\n<h2 class=\"wp-block-heading\">Quand manger devient un combat<\/h2>\n\n\n\n<iframe loading=\"lazy\" height=\"466px\" width=\"100%\" src=\"https:\/\/audioblog.arteradio.com\/playlist-embed\/269300\" style=\"margin: 0; padding: 0; border: none;\"><\/iframe>\n\n\n\n<h2 class=\"wp-block-heading\">Sur les traces d\u2019Anne Frank<\/h2>\n\n\n\n<iframe loading=\"lazy\" height=\"466px\" width=\"100%\" src=\"https:\/\/audioblog.arteradio.com\/playlist-embed\/257644\" style=\"margin: 0; padding: 0; border: none;\"><\/iframe>\n\n\n\n<h2 class=\"wp-block-heading\">Cr\u00e9ations scolaires<\/h2>\n\n\n\n<iframe loading=\"lazy\" height=\"466px\" width=\"100%\" src=\"https:\/\/audioblog.arteradio.com\/playlist-embed\/257621\" style=\"margin: 0; padding: 0; border: none;\"><\/iframe>\n\n\n\n<h2 class=\"wp-block-heading\">Agitons-nous le bocal<\/h2>\n\n\n\n<iframe loading=\"lazy\" height=\"466px\" width=\"100%\" src=\"https:\/\/audioblog.arteradio.com\/playlist-embed\/264837\" style=\"margin: 0; padding: 0; border: none;\"><\/iframe>\n\n\n\n<h2 class=\"wp-block-heading\">Fiction radiophonique<\/h2>\n\n\n\n<iframe loading=\"lazy\" height=\"466px\" width=\"100%\" src=\"https:\/\/audioblog.arteradio.com\/playlist-embed\/257614\" style=\"margin: 0; padding: 0; border: none;\"><\/iframe>\n\n\n\n<h2 class=\"wp-block-heading\">Cr\u00e9ations sonores<\/h2>\n\n\n\n<iframe loading=\"lazy\" height=\"466px\" width=\"100%\" src=\"https:\/\/audioblog.arteradio.com\/playlist-embed\/257617\" style=\"margin: 0; padding: 0; border: none;\"><\/iframe>\n\n\n\n<h2 class=\"wp-block-heading\">T\u00e9moignage d&#8217;Abraham Corcia<\/h2>\n\n\n\n<iframe loading=\"lazy\" height=\"466px\" width=\"100%\" src=\"https:\/\/audioblog.arteradio.com\/playlist-embed\/257620\" style=\"margin: 0; padding: 0; border: none;\"><\/iframe>\n\n\n\n<p><\/p>\n","protected":false},"excerpt":{"rendered":"<p>L\u2019autre e(s)t moi Quand manger devient un combat Sur les traces d\u2019Anne Frank Cr\u00e9ations scolaires Agitons-nous le bocal Fiction radiophonique Cr\u00e9ations sonores T\u00e9moignage d&#8217;Abraham Corcia<\/p>\n","protected":false},"author":1,"featured_media":162,"parent":0,"menu_order":0,"comment_status":"closed","ping_status":"closed","template":"","meta":{"footnotes":""},"class_list":["post-28","page","type-page","status-publish","has-post-thumbnail","hentry"],"_links":{"self":[{"href":"https:\/\/les-micros-ondes.fr\/index.php\/wp-json\/wp\/v2\/pages\/28","targetHints":{"allow":["GET"]}}],"collection":[{"href":"https:\/\/les-micros-ondes.fr\/index.php\/wp-json\/wp\/v2\/pages"}],"about":[{"href":"https:\/\/les-micros-ondes.fr\/index.php\/wp-json\/wp\/v2\/types\/page"}],"author":[{"embeddable":true,"href":"https:\/\/les-micros-ondes.fr\/index.php\/wp-json\/wp\/v2\/users\/1"}],"replies":[{"embeddable":true,"href":"https:\/\/les-micros-ondes.fr\/index.php\/wp-json\/wp\/v2\/comments?post=28"}],"version-history":[{"count":12,"href":"https:\/\/les-micros-ondes.fr\/index.php\/wp-json\/wp\/v2\/pages\/28\/revisions"}],"predecessor-version":[{"id":167,"href":"https:\/\/les-micros-ondes.fr\/index.php\/wp-json\/wp\/v2\/pages\/28\/revisions\/167"}],"wp:featuredmedia":[{"embeddable":true,"href":"https:\/\/les-micros-ondes.fr\/index.php\/wp-json\/wp\/v2\/media\/162"}],"wp:attachment":[{"href":"https:\/\/les-micros-ondes.fr\/index.php\/wp-json\/wp\/v2\/media?parent=28"}],"curies":[{"name":"wp","href":"https:\/\/api.w.org\/{rel}","templated":true}]}}